 -5*l + 3*l - 5*u + 19309 = 0. Is l a composite number?
True
Let m = 221 - 114. Suppose -m + 2562 = 5*n. Is n a composite number?
False
Let c = 97 - 95. Let x(o) = -o**2 + 5*o - 4. Let p be x(4). Suppose p*s - 74 = -c*s. Is s a composite number?
False
Let r = 16645 - 9326. Is r a composite number?
True
Suppose 11*n - 2808 = 2395. Let m be (-10)/25 + 44/10. Suppose m*r = -r + z + n, -2*z - 471 = -5*r. Is r prime?
False
Suppose 4*m - 3*c - 27 - 17 = 0, -2*c = 3*m - 50. Let x be (m/28)/(1/6). Let b(a) = 4*a**3 - 5*a**2 + 4*a - 4. Is b(x) composite?
False
Let y be 14/5 + (-2)/(-10). Let b be 1/1 + 1 + y. Suppose -b*l = 10, w - 21 - 18 = 2*l. Is w prime?
False
Suppose -1118 = -2*m - 3*f, -10*m - f = -5*m - 2769. Is m prime?
False
Let v be (23*1)/(2/4). Suppose 17*k - 201 - 1618 = 0. Suppose 3*x - v - k = 0. Is x composite?
True
Let m(j) = 8*j**2 - 2*j - 5. Let k(h) = h**3 - 11*h**2 - 12*h + 5. Let b be k(12). Is m(b) composite?
True
Let i(k) be the third derivative of k**5/10 + 13*k**3/6 + 30*k**2. Is i(-10) a composite number?
False
Suppose 4*m + 5*i = 15827, 4*m - 15803 = -i + 4*i. Suppose m = 3*t - y, t = 3*y - 2*y + 1319. Is t a prime number?
False
Suppose 0 = -x + 546 + 145. Is x composite?
False
Let t = -16 - -17. Let k(f) = 2*f**2 + f. Let q be k(t). Suppose -3*w + h + 445 = 0, -q - 3 = -3*h. Is w a composite number?
False
Suppose -g = 2*n - 449, -5*g + g + 1751 = -n. Is g a composite number?
False
Let p be (0 - 1)*(-1 + 23). Let b = -19 - p. Suppose 0 = -b*n + k + 237 + 519, 3*n + 5*k = 774. Is n composite?
True
Let l(w) = 521*w**2 + 2*w - 26. Is l(5) composite?
False
Suppose 3*p = -p - 32. Let b(l) = l**2 + 10*l + 12. Let u be b(p). Is u/14 + (-600)/(-42) a composite number?
True
Let s(a) = a**3 - 11*a**2 - 4 + 0 - 9 - 10*a. Let x = -11 + 23. Is s(x) composite?
False
Suppose -4*o = 20, -5*l + 134250 = -0*l + 3*o. Is l composite?
True
Suppose 4 - 6 = -w. Suppose 7*v = 2*v + w*g - 15, 25 = 5*g. Is 1*(v - -10*41) composite?
False
Suppose 9 = 4*y - y. Let j = 2735 - 1562. Suppose 0*q - y*q + j = 0. Is q composite?
True
Suppose -2*j + 276 = 2*n, 0 = -5*n - 3*j + 302 + 386. Let v = n + -10. Is v a prime number?
True
Let m be 5*(-5)/((-100)/8). Is (2124/(-24))/((-1)/m) prime?
False
Let a be -2 - -3 - (-2 + -1). Let n be -6 + 1 + 6 + -1. Suppose -2*v - a*t = -n*v - 658, -4*t = 3*v - 989. Is v a prime number?
True
Suppose -43*v + 45*v - 130 = 0. Let j = v - 50. Is j a composite number?
True
Is (-2)/15 + 1606148/60 a prime number?
False
Suppose -17*d = -40*d + 138023. Is d a composite number?
True
Let x be 42/28 - 3603/(-2). Let i = -1136 + x. Is i composite?
True
Let d be (2/5)/((-24)/(-240)). Let r(v) = 342*v**3 - v**2 + v - 1. Let i be r(1). Suppose i = 2*j + j - d*z, -j + 2*z = -113. Is j a prime number?
False
Suppose -5*h - 1 = -36. Suppose -9 = 4*c - h*c. Suppose 6*q - c*q = 381. Is q composite?
False
Suppose 11*f = 8*f + 6. Suppose n - 2*a = 1087, 6*n + 4*a = f*n + 4408. Is n prime?
True
Suppose -f = -3*k - 79 - 205, -2*f + 590 = 5*k. Suppose 6*h - h = f. Let w = h + 97. Is w prime?
False
Suppose 19434 = -104*z + 110*z. Is z a composite number?
True
Let p(d) = 85*d**2 + 3*d. Let b be p(5). Suppose -2*n - 366 = -b. Is n prime?
True
Suppose 3*h = -4*s + 9043, -4*h + 1900 = -3*s + 8676. Suppose 0 = -3*x + 3*t + s + 698, 977 = x + 2*t. Is x a prime number?
True
Let w be 130/11 - (-10)/55. Suppose 2*a = -i + w, -4*i = -5*a + 3 + 1. Suppose 3*b + 69 = a*b. Is b prime?
False
Is (2 + 448/(-6))/((-30)/2115) a composite number?
True
Is (-3 - -5)*(-123416)/(-16) a composite number?
False
Let q(o) = -2*o - 11. Let y be q(-8). Suppose 3*a - 3712 + 1535 = y*v, 0 = -3*a + v + 2161. Is a a composite number?
False
Let b = 16 - 15. Let y be -1 + 139 - (1 - b). Is ((-1)/(-3))/(2/y) composite?
False
Let m(x) = 28*x + 13. Let h(p) = 4*p**3 - 9*p**3 + 14*p + 10*p**2 + 6*p**3 - 9. Let j be h(-8). Is m(j) prime?
False
Let o(i) be the first derivative of -2*i**3/3 - 9*i**2/2 - 9. Let v be o(-4). Suppose -1165 = -j - v*j. Is j a composite number?
False
Let h(j) = j**3 + 7*j**2 + 7*j - 3. Let v be h(-4). Suppose -20*o = -v*o - 12273. Is o prime?
True
Let z(n) = -n**3 + 2*n + 1. Let g be z(-1). Suppose 6*y - 3334 + 112 = g. Is y prime?
False
Suppose -3*t = 3766 - 15919. Is t a composite number?
False
Let d = 7010 - 2809. Is d a composite number?
False
Let q(g) = 6*g**2 + 3*g + 5. Let w be q(-3). Let t = 105 - w. Is t a prime number?
False
Let y = 4727 - 966. Is y prime?
True
Let s(t) = t**3 + 21*t**2 + 2*t - 11. Let l = -8 + -2. Is s(l) a prime number?
True
Suppose 4*s - 2*q - 4114 - 1338 = 0, -5*q + 5424 = 4*s. Is s a composite number?
False
Let w(y) = 125*y + 189. Is w(12) a composite number?
True
Suppose -2*h - 6 = -4*t, 2*h - t + 1 - 4 = 0. Is (1 - (-326 + -1)) + h prime?
True
Let k(h) = -7*h**2 + 23*h - 26. Let s(o) = 3*o**2 - 11*o + 13. Let z(x) = -6*k(x) - 13*s(x). Is z(-8) a prime number?
True
Let f(m) = 284*m - 29. Is f(11) a prime number?
False
Let z be (4 + 23/(-2))*2. Let h = -29 - z. Let v(n) = n**2 + 10*n - 1. Is v(h) a prime number?
False
Let z(d) = -d**2 + 9*d + 10. Let j be z(10). Suppose s - 270 + 19 = j. Is s a composite number?
False
Suppose 5*k - 149 = j, 92 = 4*k - k + 2*j. Let z be (-24)/6 - (-1 + k). Let i = z - -112. Is i a prime number?
True
Suppose k = 4*l, -2*k + l + 4*l = 3. Is 3470/k*48/(-40) a prime number?
False
Is ((-127361)/(-52))/(1/4) a prime number?
False
Let b = -8544 - -19267. Is b a prime number?
True
Let r = -23 - -25. Let q be 30/(-35)*(-7)/r. Is (2/6)/(q/5157) a prime number?
False
Let k = -6226 + 11205. Is k prime?
False
Let y be 0 + 3 + 6/3. Suppose -y*m + 5715 = -0*m + 2*d, -2*m + 2307 = 5*d. Is m a composite number?
True
Is 3*(3 - (-61624)/12 - -4) a composite number?
False
Let c = 3 - 5. Is (16 - 486)/(-3*c/(-3)) composite?
True
Let p = 3 + 0. Suppose -p*r = -8*r + 1150. Suppose 3*q - 253 = r. Is q a composite number?
True
Let i(a) = -a**2 - 8*a + 2. Let j be i(-6). Suppose 11*v - j*v = -19245. Is v composite?
True
Let j(u) = 7*u + 46385. Is j(0) composite?
True
Let w(p) be the first derivative of 8*p**3/3 + 4*p**2 - 6*p + 4. Let v be w(9). Let c = -223 + v. Is c composite?
False
Suppose -2*p - 2*p + 4 = 0. Let i(w) = 3275*w - 10. Is i(p) a prime number?
False
Let o = 863 + -607. Suppose -16 + 1 = -3*h, -h - o = -j. Suppose 209 = 2*d - j. Is d a composite number?
True
Let f(r) be the first derivative of -9/2*r**2 - 7 - r. Is f(-7) prime?
False
Let a be ((-2)/6)/(2/(-60)). Let r be 21*95/15*a. Suppose 3*y - r = 2*b + 249, -4*y = b - 2109. Is y a composite number?
True
Is (-477216)/(-30) + ((-156)/30 - -5) prime?
True
Let a be 9*-1*1/(-3). Suppose -2*s + 2*l - 895 = -a*l, 5*l + 885 = -2*s. Let p = s - -656. Is p a prime number?
True
Let f = 61 - 61. Suppose 4*w - 6*j = -3*j + 2524, f = 3*j - 12. Is w composite?
True
Is (15802/6)/(18/54) a composite number?
False
Suppose 4*r = -5*g - 9481, 5*r - 2*g + 8076 = -3800. Let s = r + 4475. Is s composite?
True
Suppose l - 42 = 2*l. Suppose 58*h + 366 = 52*h. Let p = l - h. Is p prime?
True
Suppose t - 11*t = -10670. Suppose -3*x + 1960 = -t. Is x prime?
True
Suppose 3*p + 1 = -5. Is 42 + p + 15/5 composite?
False
Let y be -1 + 3 + 3 - 1. Suppose -1310 - 78 = y*p. Let o = p + 570. Is o a composite number?
False
Suppose -4*a + q = -17085, 5*a + 2*q - 21354 = q. Is a a composite number?
False
Let j = 5 + -2. Let c(w) be the second derivative of 29*w**3/6 + w**2 - 17*w. Is c(j) prime?
True
Let n = 5991 - -532. Is n composite?
True
Let y = 2869 + 2458. Is y composite?
True
Let z = -431 + 162. Let j = 89 - z. Let g = j - 171. Is g composite?
True
Suppose 40814 = 5*j + 3*l, j + 3*l = 6*l + 8152. Is j a composite number?
False
Suppose -2*m = m - 5052. Let g = -697 + m. Is (-6)/4 - g/(-6) composite?
False
Is 14/4*(764862/49)/3 composite?
False
Suppose 4*k + 0*k = 0. Suppose -2*j = -56 - k. Suppose 4*z = 48 + j. Is z prime?
True
Let i(b) = 14*b**2 + 15*b + 9. Is i(-10) a prime number?
True
Let i(s) = -2*s - 17. Let y be i(-10). Suppose -5*z + y*z = -18. Suppose -69 = -z*a + 6*a. Is a a composite number?
False
Let r = 1358 - 322. Suppose q = 2*q - r. Suppose q = 9*d - 5*d. Is d a composite number?
True
Let g(i) = -5*i + 2. Let n be g(-4). Let o = -20 + n. Suppose 0 = b - 2*l - 495, o*b + 